alculate the greatest common divisor of 323 and f.
17
Let c = -151 + 44. Let w = 190 - c. What is the highest common divisor of 27 and w?
27
Let j = -34 + 32. Let x be (6 + 111)*((-51)/9 - -3). Let p be (j - x)/5 + 3. Calculate the highest common factor of p and 26.
13
Let z = 9721 - 9138. Calculate the greatest common factor of z and 742.
53
Suppose 0 = -4*w - 5*n + 8, 5*w - 24 = w - n. What is the highest common factor of w and 98?
7
Let b(t) be the second derivative of t**5/20 - t**3 - t**2/2 - 3*t. Let j = 970 + -972. Let x be b(j). What is the highest common factor of x and 57?
3
Let j = -13 + 19. Let l be (-2)/4 + 489/j. Suppose 0 = 44*m - 9*m - 945. What is the greatest common factor of l and m?
27
Let h(q) = 8*q - 4*q - 7 + 6*q. Let u(p) = -p**2 + 39*p - 168. Let x be u(34). Let r be h(x). What is the highest common divisor of r and 26?
13
Let k be (-144)/(-24)*(0 + (-2)/(-3)). Let j = 18 + -10. Suppose 0 = -2*u + 3*u - j. Calculate the greatest common factor of u and k.
4
Suppose 4*i = -l + 32497, -i - 95*l + 98*l + 8095 = 0. Calculate the greatest common divisor of 1834 and i.
262
Suppose -3*b - 1 + 51 = 4*j, 0 = 4*b + j - 45. Suppose -5*n - 5*y = -b, 0 = 2*n + 2*n - 4*y - 48. What is the greatest common factor of n and 63?
7
Let w(a) = a**3 + 10*a**2 + 15*a + 66. Let x be w(-9). Suppose 0 = -0*m + 2*m - 12. Suppose -384 = 4*r - m*r. What is the highest common factor of x and r?
12
Let g be (7/4)/(3/84). Suppose -4*l = l + 4*z - 4516, 0 = 2*l + 4*z - 1804. Let q = l - 512. What is the highest common divisor of q and g?
49
Let a = -434 + 718. Suppose -5*h = -5*k + 340, h = -4*k + 2*h + a. Suppose 6*y + 2*y = k. What is the highest common divisor of y and 18?
9
Suppose 0 = -5*n + 25, -22*u + 26*u - 2838 = 2*n. Calculate the greatest common divisor of 1602 and u.
178
Suppose -3*b + 720 = 13*b. Suppose 2*s - 2*i - 9 - 39 = 0, -48 = -2*s - 4*i. Let l = b - s. Calculate the highest common divisor of l and 7.
7
Let o = 618 + -423. Suppose 2*u - 78 = 4*p - 5*p, -p - 78 = -2*u. What is the greatest common factor of u and o?
39
Let o = -766 - -1265. Let i = o - 184. Calculate the greatest common divisor of 45 and i.
45
Let i be (-50)/45*3*(-18)/4. Suppose i*h + 222 = 12*h. Let r = h - -167. Calculate the highest common factor of r and 62.
31
Let z(i) = 18*i**3 - 955*i**2 + 78*i - 93. Let k be z(53). Calculate the greatest common factor of 231 and k.
77
Suppose 0 = 2*x + 4*d - 1700, 2*x + 3375 = 6*x + 3*d. What is the highest common factor of 1596 and x?
84
Let v(z) = -2374*z - 2. Let d be v(-1). Let m be d/18 - (-20)/90. Suppose c - 3*c = -m. Calculate the greatest common factor of 99 and c.
33
Suppose -31*f + 27*f = -20. Suppose -f*n - 7 - 8 = 0. Let u be 4*n/(-66) + (-588)/(-33). What is the highest common divisor of 2 and u?
2
Let m be 7/2*(-43)/(-301)*314. Calculate the greatest common divisor of 2512 and m.
157
Let f be 122/(-1647) + (-11284)/27. Let i = 978 + f. Calculate the highest common factor of i and 16.
16
Let o = 39548 - 39514. Calculate the highest common factor of 50150 and o.
34
Let i(r) = 36*r**3 - 39*r**2 + 25*r - 143. Let y be i(5). Calculate the highest common divisor of 63 and y.
21
Let k = -3246 - -3354. Calculate the highest common divisor of k and 3996.
108
Let l(v) = v**2 + 5*v + 20. Let z = -44 - -38. Let a be l(z). Let p(b) = 25*b**2 + 9*b + 10. Let j be p(-1). What is the greatest common divisor of a and j?
26
Let g(d) = -2*d + 43. Let m be g(19). Suppose -m*v + 346 = -1449. Let r = 539 - v. What is the highest common divisor of r and 20?
20
Let p = -204 + 206. Suppose 6*y + p*y = 3584. Calculate the greatest common divisor of y and 64.
64
Let z(m) = -1530*m + 418. Let y be z(-4). What is the highest common factor of y and 14?
14
Suppose -2*t + t = -5. Suppose 0 = -t*q + 401 + 99. Let n = q - 74. What is the highest common divisor of 182 and n?
26
Let j(z) = 4*z**3 + 7 - 10*z + 17*z - 2*z**3 - 11*z. Let u be j(3). Let h = 106 + -92. What is the greatest common factor of u and h?
7
Let r(q) be the third derivative of -13*q**4/24 + 7*q**3/6 + 20*q**2. Let c be r(-3). What is the greatest common factor of 414 and c?
46
Let s be (-150)/(((-3)/12)/(2/(-80)*-5)). Calculate the greatest common factor of s and 10725.
75
Let p(s) = -s**3 - 22*s**2 + 84*s + 847. Let a be p(-27). Calculate the greatest common divisor of a and 16.
16
Let r(n) = -n**3 - 3*n**2 - 2. Let b be r(-5). Let d be -2*2/(-6)*66/(-44). Let k be (d/1)/((-6)/b). Calculate the greatest common factor of 32 and k.
8
Suppose -10*x + 97 + 203 = 0. Let c be 4/3*(-35)/x*-27. What is the greatest common factor of c and 14?
14
Suppose -2*i + 30 = -4*m - 0, 3*i + m - 59 = 0. Suppose 13 - 293 = -4*o. Suppose -s = -82 - o. What is the greatest common divisor of i and s?
19
Let o(l) = 7*l**3 - 12*l**2 + 2*l + 10. Let z be o(5). Suppose -3*b + 171 = s - 193, 5*b = -4*s + z. What is the greatest common factor of b and 82?
41
Let a = 77 + -74. Suppose -y - 4*x = -0*y + 10, -35 = -a*y + x. What is the greatest common divisor of y and 290?
10
Let q = 19 - 5. Suppose 0 = -33*z - 6*z - 785 + 3242. What is the highest common factor of q and z?
7
Let v be ((-868)/(-279))/((-1)/((-18)/4)). Calculate the highest common divisor of v and 7994.
14
Let q = 49 + -24. Let d(o) = -16 + 10*o**2 + 11*o**2 - 13*o - 29*o**2 + 13*o**2. Let t be d(8). What is the greatest common divisor of q and t?
25
Suppose 196*m = 126*m + 141960. What is the greatest common divisor of 260 and m?
52
Let o = -1363 + 1385. What is the highest common divisor of 10186 and o?
22
Let z = -724 + 738. Let h = -28 - -24. Let o be (-66 + h/1)/(-1). What is the greatest common factor of o and z?
14
Suppose 4*r = -r + 2845. Suppose 10*f = r + 471. Let u = f - 69. What is the highest common divisor of 14 and u?
7
Let a = -123 + 72. Let w(m) = m**2 + 60*m + 436. Let f be w(-7). Let i = a + f. What is the highest common divisor of i and 28?
14
Let a(u) = 3*u**2 + u - 3. Let r be a(-4). Let l = r - 45. Let m be 24/((6/(-360))/(l/18)). What is the greatest common divisor of m and 40?
40
Let h(n) = 36*n**2 + n + 1. Let t be h(-2). Suppose 120 = 3*g + 3*x, -8*g + 10*g + 3*x = 87. What is the greatest common factor of t and g?
11
Suppose -6*l + 0*l - 204 = -23*l. Let c = 40 + -22. What is the greatest common factor of c and l?
6
Let i = 3336 - 2864. Calculate the highest common factor of i and 228.
4
Suppose -c + 4*r + 29 = 0, 2*c + r = -1 + 77. Calculate the greatest common factor of 2 and c.
1
Suppose -3*o + 5 = 2*o, 0 = -5*i + o - 806. Let f = i + 305. Suppose -4*n + 2*z + 82 = n, 5*n = z + 86. Calculate the highest common divisor of n and f.
18
Suppose -3*d = 5*l - 19385, -3*l - 25837 = -2*d - 2*d. Calculate the highest common divisor of 3060 and d.
340
Let z(l) = -7*l - 44. Let n be z(-9). Suppose 0 = y + 5 - n. Let j(o) = o**2 + 11*o - 12. Let u be j(8). What is the greatest common divisor of y and u?
14
Suppose 28*i - 47*i + 2352 = 37*i. Calculate the greatest common divisor of 2289 and i.
21
Suppose 3*c = 0, 3*c + 20 = 7*u - 3*u. Suppose k - 3*l - 158 = 200, 0 = -u*l - 10. Suppose -k - 26 = -6*q. Calculate the greatest common factor of q and 7.
7
Let w = -4559 + 4874. Calculate the highest common factor of 175 and w.
35
Let t be (-4)/20*-35 - (-64 + -2 + 4). Calculate the greatest common factor of t and 29187.
69
Let p = 30626 - 30318. Calculate the highest common divisor of p and 4466.
154
Let r(a) = 33 - 3 - 11*a + 49. Let c be r(-11). Calculate the highest common divisor of 25 and c.
25
Suppose 4*x - f - 117 = 0, -258*f + 263*f - 15 = 0. Calculate the greatest common divisor of x and 1545.
15
Let w be 3/(-2)*(-6 - 6690/(-45)). Let y = -209 - w. Calculate the highest common factor of y and 55.
5
Let b = -1095 + 1140. Suppose 0 = -5*i + 4*i + 3*w + 51, 5*i + 4*w - 293 = 0. Let x = i - b. Calculate the greatest common divisor of 132 and x.
12
Suppose -3*y = -2*j - 381, 5*y + 8*j - 637 = 12*j. What is the highest common factor of 925 and y?
25
Suppose s - 5 = -3. Suppose -4*v - 721 = -737. Suppose b - 36 = -2*j, 98 = 3*b - v*j - 0. What is the greatest common factor of s and b?
2
Let z(x) = x**3 + 28*x**2 + 17*x + 557. Let a be z(-22). Calculate the greatest common factor of a and 9.
9
Suppose -26 + 71 = 3*f. Suppo